 factors of 30442.
2, 31, 491
What are the prime factors of 9661?
9661
List the prime factors of 168261.
3, 56087
List the prime factors of 5202.
2, 3, 17
List the prime factors of 10.
2, 5
List the prime factors of 3593.
3593
What are the prime factors of 106265?
5, 53, 401
List the prime factors of 14020.
2, 5, 701
List the prime factors of 1040.
2, 5, 13
What are the prime factors of 1532?
2, 383
What are the prime factors of 944?
2, 59
What are the prime factors of 17614?
2, 8807
List the prime factors of 15899.
13, 1223
List the prime factors of 104477.
191, 547
What are the prime factors of 7316?
2, 31, 59
What are the prime factors of 130267?
130267
What are the prime factors of 3984?
2, 3, 83
What are the prime factors of 7052?
2, 41, 43
What are the prime factors of 6362?
2, 3181
What are the prime factors of 2353?
13, 181
What are the prime factors of 109875?
3, 5, 293
What are the prime factors of 49197?
3, 23, 31
List the prime factors of 51461.
51461
List the prime factors of 3732.
2, 3, 311
List the prime factors of 5457.
3, 17, 107
List the prime factors of 56858.
2, 28429
List the prime factors of 578.
2, 17
What are the prime factors of 2189?
11, 199
List the prime factors of 1458.
2, 3
What are the prime factors of 2036?
2, 509
What are the prime factors of 140678?
2, 31, 2269
What are the prime factors of 89233?
17, 29, 181
What are the prime factors of 6573?
3, 7, 313
List the prime factors of 3551.
53, 67
List the prime factors of 6878.
2, 19, 181
List the prime factors of 141918.
2, 3, 7, 31, 109
List the prime factors of 20959.
20959
List the prime factors of 59066.
2, 7, 4219
What are the prime factors of 3097?
19, 163
What are the prime factors of 1962?
2, 3, 109
What are the prime factors of 1422?
2, 3, 79
What are the prime factors of 8753?
8753
What are the prime factors of 93950?
2, 5, 1879
List the prime factors of 120.
2, 3, 5
What are the prime factors of 9043?
9043
What are the prime factors of 20326?
2, 10163
What are the prime factors of 12197?
12197
List the prime factors of 2828.
2, 7, 101
What are the prime factors of 18609?
3, 6203
List the prime factors of 1145.
5, 229
List the prime factors of 996.
2, 3, 83
List the prime factors of 1561.
7, 223
List the prime factors of 25355.
5, 11, 461
List the prime factors of 90842.
2, 53, 857
List the prime factors of 549.
3, 61
What are the prime factors of 160?
2, 5
What are the prime factors of 139810?
2, 5, 11, 31, 41
What are the prime factors of 960?
2, 3, 5
What are the prime factors of 1081?
23, 47
What are the prime factors of 53479?
53479
What are the prime factors of 34693?
34693
What are the prime factors of 17953?
13, 1381
What are the prime factors of 86063?
89, 967
List the prime factors of 235.
5, 47
What are the prime factors of 6748?
2, 7, 241
List the prime factors of 93192.
2, 3, 11, 353
List the prime factors of 2473.
2473
What are the prime factors of 72776?
2, 11, 827
List the prime factors of 2144.
2, 67
List the prime factors of 18397.
18397
What are the prime factors of 626?
2, 313
List the prime factors of 871.
13, 67
What are the prime factors of 27735?
3, 5, 43
List the prime factors of 20021.
20021
List the prime factors of 24106.
2, 17, 709
What are the prime factors of 3942?
2, 3, 73
What are the prime factors of 16152?
2, 3, 673
What are the prime factors of 489?
3, 163
What are the prime factors of 28739?
29, 991
List the prime factors of 451.
11, 41
List the prime factors of 1575.
3, 5, 7
What are the prime factors of 9176?
2, 31, 37
List the prime factors of 1792.
2, 7
What are the prime factors of 9846?
2, 3, 547
What are the prime factors of 1592?
2, 199
What are the prime factors of 1763?
41, 43
What are the prime factors of 87189?
3, 29063
List the prime factors of 8682.
2, 3, 1447
List the prime factors of 954.
2, 3, 53
List the prime factors of 6467.
29, 223
List the prime factors of 2944.
2, 23
What are the prime factors of 3698?
2, 43
List the prime factors of 83122.
2, 13, 23, 139
What are the prime factors of 250?
2, 5
List the prime factors of 1199.
11, 109
What are the prime factors of 66?
2, 3, 11
List the prime factors of 71085.
3, 5, 7, 677
What are the prime factors of 12294?
2, 3, 683
List the prime factors of 5091.
3, 1697
List the prime factors of 223.
223
What are the prime factors of 298?
2, 149
What are the prime factors of 4828?
2, 17, 71
List the prime factors of 3.
3
What are the prime factors of 9858?
2, 3, 31, 53
List the prime factors of 1198.
2, 599
What are the prime factors of 929?
929
List the prime factors of 1499.
1499
What are the prime factors of 28898?
2, 14449
List the prime factors of 124730.
2, 5, 12473
List the prime factors of 39046.
2, 7, 2789
List the prime factors of 2775.
3, 5, 37
List the prime factors of 92947.
41, 2267
What are the prime factors of 38261?
38261
List the prime factors of 6378.
2, 3, 1063
List the prime factors of 631.
631
What are the prime factors of 6144?
2, 3
List the prime factors of 2511.
3, 31
List the prime factors of 15686.
2, 11, 23, 31
What are the prime factors of 2210?
2, 5, 13, 17
What are the prime factors of 3497?
13, 269
What are the prime factors of 6850?
2, 5, 137
List the prime factors of 30594.
2, 3, 5099
List the prime factors of 1385.
5, 277
List the prime factors of 288.
2, 3
List the prime factors of 15246.
2, 3, 7, 11
What are the prime factors of 28055?
5, 31, 181
List the prime factors of 46551.
3, 59, 263
What are the prime factors of 54482?
2, 27241
List the prime factors of 31662.
2, 3, 1759
What are the prime factors of 7661?
47, 163
What are the prime factors of 99141?
3, 7, 4721
List the prime factors of 16003.
13, 1231
What are the prime factors of 1323?
3, 7
What are the prime factors of 1653?
3, 19, 29
What are the prime factors of 1702?
2, 23, 37
What are the prime factors of 18540?
2, 3, 5, 103
List the prime factors of 1230.
2, 3, 5, 41
List the prime factors of 5881.
5881
What are the prime factors of 1258?
2, 17, 37
List the prime factors of 1725.
3, 5, 23
What are the prime factors of 434?
2, 7, 31
List the prime factors of 328.
2, 41
List the prime factors of 3595.
5, 719
List the prime factors of 38401.
11, 3491
What are the prime factors of 944?
2, 59
List the prime factors of 26234.
2, 13, 1009
List the prime factors of 72357.
3, 89, 271
List the prime factors of 10152.
2, 3, 47
What are the prime factors of 1848?
2, 3, 7, 11
What are the prime factors of 3308?
2, 827
What are the prime factors of 1344?
2, 3, 7
What are the prime factors of 30103?
30103
List the prime factors of 139.
139
List the prime factors of 2182.
2, 1091
What are the prime factors of 15989?
59, 271
What are the prime factors of 2762?
2, 1381
What are the prime factors of 4751?
4751
What are the prime factors of 62987?
62987
What are the prime factors of 7487?
7487
List the prime factors of 2899.
13, 223
What are the prime factors of 12201?
3, 7, 83
List the prime factors of 603.
3, 67
List the prime factors of 385.
5, 7, 11
What are the prime factors of 866?
2, 433
What are the prime factors of 1029?
3, 7
What are the prime factors of 122721?
3, 19, 2153
What are the prime factors of 7757?
7757
What are the prime factors of 222?
2, 3, 37
List the prime factors of 131.
131
List the prime factors of 11136.
2, 3, 29
List the prime factors of 12238.
2, 29, 211
What are the prime factors of 113919?
3, 13, 23, 127
List the prime factors of 441.
3, 7
What are the prime factors of 6405?
3, 5, 7, 61
What are the prime factors of 3499?
3499
List the prime factors of 30695.
5, 7, 877
List the prime factors of 62189.
62189
List the prime factors of 93027.
3, 11, 2819
What are the prime factors of 358?
2, 179
List the prime factors of 2781.
3, 103
What are the prime factors of 11908?
2, 13, 229
List the prime factors of 474.
2, 3, 79
What are the prime factors of 39194?
2, 19597
What are the prime factors of 24971?
24971
List the prime factors of 1586.
2, 13, 61
List the prime factors of 6983.
6983
List the prime factors of 5675.
5, 227
What are the prime factors of 142?
2, 71
What are the prime factors of 807?
3, 269
What are the prime factors of 1528?
2, 191
List the prime factors of 22098.
2, 3, 29, 127
List the prime factors of 1079.
13, 83
List the p